2 - 7*z**2 + 7*z**2 - 5*z - 5 - z. Let x be f(-5). Let h(k) = 2*k - 9. Let p(u) = -5*u + 19. Let r(v) = -7*h(v) - 3*p(v). Calculate r(x).
6
Let m(c) = -3*c**3 - 2*c - 18 + 46 + 2*c**3 - 26 + 6*c**2. What is m(6)?
-10
Let q(f) = -8 + 1 - 4*f - 1. Let c(n) = 7*n + 15. Let t(b) = -3*c(b) - 5*q(b). Let u(a) = a**3 - 8*a**2 + 8*a - 12. Let s be u(7). What is t(s)?
0
Let y(k) = k**3 + k**2 - k - 4. Let a be 4 + -5 - 6*-1. Let j(x) = -4*x**3 - x + 3*x**3 - a*x**2 - 3*x + 0*x. Let f be j(-4). Calculate y(f).
-4
Let d(j) = 8*j**2 - 3*j - 2. Let g(z) = -10*z**2 + 4*z + 2. Let q(b) = 4*d(b) + 3*g(b). Suppose -4*c - 12 = -2*x, -2*x - c = -5*x + 8. What is q(x)?
6
Suppose -a = -b - 6, 0*a + 2*b = -5*a + 9. Let y be 18/15*(-10)/a. Let i(p) = p**3 + 5*p**2 + 3*p - 2. Determine i(y).
2
Let l(i) = 1 + 5*i - i - 2*i - 4*i. What is l(2)?
-3
Let i(x) = -x**2 + 5*x - 1. Let z be 1/((2 - 3)*-1). Let d = z + 3. What is i(d)?
3
Let o(d) = 0 - 3*d + 0*d - d**2 + 0. Let c be ((-2)/(-4))/((-4)/24). Give o(c).
0
Let k(f) be the first derivative of f**3/3 - 2*f**2 - f + 1. Suppose 2*h - 5 = 5. Give k(h).
4
Let d be 3 - 2*(-3)/1. Suppose -3*u + 0 = d. Let v(s) = s**2 + 2*s + 2. Calculate v(u).
5
Let n(b) = b**3 + 3*b**2 - b + 4. Let y = -5 + 10. Suppose 4*d - 2 - 10 = y*w, 0 = 4*d + 8. What is n(w)?
-8
Let q(j) = j**3 - 33*j**2 + 32*j + 2. Let l be q(32). Let m(y) be the second derivative of -y + 0 + 1/2*y**3 - 1/2*y**l. Calculate m(2).
5
Let b(r) be the second derivative of r**5/60 - r**4/8 - r**3/3 + r**2 - 2*r. Let x(u) be the first derivative of b(u). Let n be (4/(-10))/((-2)/20). Give x(n).
2
Let f(x) = -16*x + 60*x - 21*x - 24*x. Give f(3).
-3
Let q = -5 - -8. Suppose x + 13 = -4*h, -q*x - 2*x = 4*h + 17. Let g(r) = 8*r - 6. Let n(t) = 3*t - 2. Let a(w) = 4*g(w) - 11*n(w). Give a(h).
1
Let w(p) = -p**2 + 7*p - 7. Let f be w(6). Let a(g) = 4*g**2 + g + 1. Give a(f).
4
Let s(y) = -6*y**3 - 2*y**2 + y. Let r be (8 - 5) + (1 - 3). What is s(r)?
-7
Let l(d) = -11*d**2 + 3*d - 2. Let j(x) = 10*x**2 - 2*x + 1. Let m(n) = 3*j(n) + 2*l(n). Let i = -4 - -9. Suppose 0*p - 5 = i*p. What is m(p)?
7
Suppose -1 + 25 = -3*f. Let g = f - -13. Let s(d) = -d + 5. Give s(g).
0
Suppose -2*f = -0*f. Let x(v) = -3*v**3 + 2*v**3 - 3*v - 1 - 4*v**2 + f*v**2. What is x(-3)?
-1
Let s(f) = f + 2. Suppose 5 = 4*d + 1. Let c = 2 - d. Let g be (c + 2)/(9/(-6)). Give s(g).
0
Let v = -77 + 74. Let b(d) = -d**2 - d. Let w(s) = -3*s**2 + s + 2. Let h(k) = -4*b(k) + w(k). Calculate h(v).
-4
Let p be (3 - -1) + 2 + -2. Let d(i) = -5*i + 15. Let o be d(-7). Let n(c) = o + c**2 - 24 - 6*c - 23. What is n(p)?
-5
Let j(q) = -6*q**2 + q + 3. Let y(l) = 7*l**2 - l - 4. Let n(x) = 4*j(x) + 3*y(x). Suppose 5*b + 20 = 0, -o + 5*o = 5*b + 40. Let r = 6 - o. Give n(r).
-2
Let y(j) = -1 - j**2 - 46*j - j**3 + 43*j - 2*j**2. Determine y(-2).
1
Let t(q) = q**3 + 6*q**2 + 3*q - 6. Let f be t(-5). Let h be (-2)/7 + (-80)/(-35). Let k(n) = 0*n**h - 3*n + 0*n**3 + 2*n**3 - 3*n**2 - n**3. What is k(f)?
4
Suppose -6*a - 28 - 8 = 0. Let c(t) = 2*t + 6. What is c(a)?
-6
Let o(d) = 2*d - 1. Let x be o(-2). Suppose -h = 3*n + 11, -4*n = -2*h + 4 - 16. Let p = h - x. Let i(r) = 3*r + 2. Calculate i(p).
-7
Suppose -h + q - 3 = 2*q, 3*q = 5*h + 23. Let p be h + (-4)/(-2) + 4. Let k(u) = u**3 + 3*u**2 + p - 4*u**2 - 2*u**2. Give k(3).
2
Let n(l) = l - 1 + 12*l + 2 - 4*l. Determine n(1).
10
Let h(m) = m + 6. Let y(b) = b + 7. Let z(u) = 6*h(u) - 5*y(u). Let j = 6 - 6. Suppose 5*w - 3*w + 4 = j. Determine z(w).
-1
Let i(j) = j - 1. Let y(u) = 20*u - 6. Let h(o) = 5*i(o) - y(o). Let z be (4 - 1)*1/3. Calculate h(z).
-14
Suppose -4*t - 3*q + 8 = 0, 4*t = -0*t + 2*q + 8. Let z(y) = y**3 - 3 + t*y + 3 - 3*y - 3*y**2 + 4. Determine z(3).
1
Let s(k) = -k - 2. Suppose p = 5*q + 12 + 17, 2*p + 5*q = -17. Suppose 4*x + p = 3*y, -2*x = -5*y + 2*x + 4. Determine s(y).
-2
Suppose 2*d + 2*d + 12 = 0. Let k(p) be the third derivative of p**6/120 + p**5/20 - p**3/6 - 5*p**2. Give k(d).
-1
Let n(q) = -20*q - 20. Let w(f) = 7*f + 7. Let l(p) = 5*n(p) + 14*w(p). Suppose 0*z = 4*z + m + 12, -4*m = 4*z. Let k be 1 - (-5)/(5/z). Calculate l(k).
4
Let z(h) = 56 - h - 16 - 27 + 0*h. Calculate z(10).
3
Let q(x) = 1 - 2 + x + 3 - 1. Give q(-6).
-5
Suppose -4*j - 13 = -61. Suppose 2*b - 6 = d, -4*b = -7*b + 3*d + j. Let r(y) be the first derivative of -y**2 + 2*y - 1. Calculate r(b).
-2
Let y = -18 - -18. Let h(r) be the first derivative of 3 + 8/3*r**3 + 0*r**2 + y*r. Give h(1).
8
Let t(o) = -4*o**3 + 12*o**2 - 2*o + 12. Let n(j) = j**3 - j**2. Let g(a) = 3*n(a) + t(a). What is g(9)?
-6
Let w(n) = -n**2 - 9*n - 10. Let d be w(-8). Let k(a) be the third derivative of a**5/60 - a**4/8 - a**3/2 + a**2. What is k(d)?
7
Suppose -3*k = 15, k - 80 = -5*b + 2*k. Suppose 5*l + b = -10. Let y(i) = -i**3 - 6*i**2 - 3*i + 4. Give y(l).
-6
Let x(d) = d**2 + 7*d + 6. Let k = -27 + 20. Calculate x(k).
6
Suppose -4*q = -q. Let d(l) be the third derivative of 0*l - 2/3*l**3 + q + l**2 + 1/30*l**5 - 1/12*l**4. Calculate d(3).
8
Let k(b) = -21*b**3 + b**2 - 1. Let g(a) = 2*a**2 - 5*a - 2. Let t be g(3). Determine k(t).
-21
Let c(z) = -z**3 + 4 - 4*z**3 + 6*z**3 + 6*z**2 - z + 5*z. What is c(-5)?
9
Let t be (3*3/27)/(7 + -6). Let u(x) be the first derivative of -t*x**3 - 5/2*x**2 - 2 - 2*x. What is u(-2)?
4
Let a(d) = -d**2 + 5*d + 7. Let j(q) = 2*q**2 - 11*q - 15. Let c(s) = 5*a(s) + 2*j(s). Give c(4).
1
Let c(w) = 2*w - 6. Let b be c(5). Let k(a) be the second derivative of -3/2*a**2 - 1/4*a**b + 0 - a - 2/3*a**3. Determine k(-2).
-7
Let p(z) be the second derivative of z**5/20 - 5*z**4/6 + 3*z**3/2 + 2*z**2 - 27*z. What is p(9)?
4
Let o(i) = i - 1. Let j(p) = -2*p - 3. Let s(q) = -j(q) + 3*o(q). Determine s(-1).
-5
Let h(d) = 2*d**2 + 13*d + 7. Let n(b) = -b**2 - 7*b - 3. Let x(y) = 2*h(y) + 5*n(y). What is x(-7)?
13
Let r(a) be the first derivative of a**4/4 + 5*a**3/3 + 3*a**2 + 6*a - 4. Let m = -2 + 4. Suppose 4*l + 18 = m. Determine r(l).
-2
Let m(c) be the second derivative of c**5/30 + c**4/8 - c**3/3 - 3*c. Let k(w) be the second derivative of m(w). What is k(-3)?
-9
Suppose -12 = r - 5*r. Suppose -4*v - 5 - 19 = -4*w, -r*w + 5*v + 18 = 0. Let i(l) = -l**3 + 3*l**2 + 6*l + 0 + 2*l**2 + 3. Determine i(w).
3
Let n(b) = -b**2 + 2*b - 4. Let t(o) = -o**2 - 1. Let g(u) = -n(u) + 2*t(u). Give g(-3).
-1
Suppose -8*g = -7*g - 2. Let i(k) = k**2 + k. Let b(p) = 4*p**2 + 4*p - 1. Let h(o) = 2*b(o) - 7*i(o). Determine h(g).
4
Let c(b) = 2*b**3 - 2*b**2 - 2*b + 2. Let r be c(2). Let u(m) = 0 + r*m - 3*m**2 - 4*m - m - 1 - m**3. Calculate u(-3).
-4
Suppose -3*v = -0*m + 5*m - 13, m + 7 = v. Suppose -3*y + v = -y. Let r(d) = 2*d - 2. Let o(x) = 3*x - 3. Let a(h) = -3*o(h) + 5*r(h). Determine a(y).
2
Let y(k) be the third derivative of -k**8/6720 + k**6/720 - k**5/60 + k**4/24 + 2*k**2. Let g(u) be the second derivative of y(u). What is g(0)?
-2
Let t = -10 - -11. Let j(a) = -2*a + 1. Calculate j(t).
-1
Let c(n) = -n - 1. Let b be c(-7). Let u(w) = w**2 - 4*w - 6. Determine u(b).
6
Let x(w) = 3*w**3 - 7*w**2 + 5*w + 1. Let k(z) = -7*z**3 + 15*z**2 - 11*z - 3. Let h be (16/(-10))/((-6)/15). Let v(b) = h*k(b) + 9*x(b). Calculate v(-3).
-6
Let r be 15/2*(-2)/(-3). Let a be 14*(-1 + (-3)/(-2)). Let i(u) = -6*u + 1. Let z(k) = -5*k. Let y(n) = a*z(n) - 6*i(n). What is y(r)?
-1
Let g = -3 + 0. Let j(a) be the second derivative of a**5/20 + a**4/4 - a**3/2 + a**2/2 - 12*a. Calculate j(g).
10
Let v(j) = -j + 6. Suppose -16 = -6*m + 2*m. Give v(m).
2
Let r(y) = -y. Let d(h) = -h**2 - 2*h + 3. Let w be -2*(-1)/(-2)*-4. Let p(b) = w*r(b) + d(b). Calculate p(-6).
3
Let f(q) = -6*q**2 + q. Let i(s) = 17*s**2 - 4*s - 1. Let r(z) = 11*f(z) + 4*i(z). Give r(4).
8
Let k(g) = -g**2 + g - 1. Let r(l) = l**3 + 10*l**2 + 4*l + 12. Let q(y) = 3*k(y) + r(y). Determine q(-6).
3
Let b(q) be the second derivative of -q**5/20 + q**4/3 + 5*q**3/6 + 3*q**2 + 15*q. What is b(5)?
6
Let x = 0 + 3. Suppose -x = a - 0*a. Let y(p) be the third derivative of p**5/30 + 5*p**4/24 + p**3/2 + 6*p**2. What is y(a)?
6
Let g(d) = 3*d**2 - 2*d - 5. Let a(u) = u**2 - u - 1. Let i(v) = 4*a(v) - g(v). Let t(w) = w**2 + w + 2. Let p be t(0). Suppose p*s - 1 = 1. What is i(s)?
0
Let s(t) = -t**2 + 7*t - 4. Let o(b) = -2*b**2